699 + -3850. What is the tens digit of p?
4
Suppose -3*x = 3*b + 27, 4*x = -b - 0*b - 18. Let v(p) = p**2 + 6*p + 2. Let d be v(b). What is the tens digit of (-49 + -1)*d/(-4)?
2
Let x = -13 - -16. Let m be 3*-2*(-1)/x. What is the units digit of 3 + 2/(0 - m)?
2
Suppose -p = -5*k, 3*p + 5*k = -2*p. Suppose 15 = 5*j - p. Suppose -j*f + f = -80. What is the units digit of f?
0
Let c(q) = 3*q**3 - 10*q**2 + 4*q - 72. Let n(z) = -z**3 + 3*z**2 - z + 24. Let u(i) = -6*c(i) - 17*n(i). What is the units digit of u(6)?
0
Suppose -m = -3*m + 3*d + 1957, 0 = 3*m + d - 2919. What is the hundreds digit of m?
9
Suppose 2*c + 5*n = 7*c + 15, 5*n - 35 = -5*c. Suppose 14*z - 16*z - 5*u + 40 = 0, 20 = z - c*u. What is the tens digit of z?
2
Let n(v) = -v**3 - 36*v**2 - 12*v + 60. What is the tens digit of n(-36)?
9
Let g be (5/2)/5*-14. What is the tens digit of (-2)/g - 444/(-14)?
3
What is the tens digit of (-2)/7 - 58668/(-28)?
9
Suppose 4*y - y - 39 = 0. Suppose 0 = -y*u + 16*u - 72. What is the units digit of u?
4
Let n(i) = i**3 + 12*i**2 - 3*i - 30. Let z be n(-12). What is the tens digit of (2/z)/((-16)/(-768))?
1
Suppose -176638 = -64*f - 13*f. What is the thousands digit of f?
2
Let w(y) = -y**3 + 22*y**2 + 2*y - 12. Let m be w(22). Let l = 44 - m. What is the units digit of l?
2
Let u(w) be the second derivative of -10*w**3/3 - w. Let z be u(-3). Suppose z = q + 3*q. What is the units digit of q?
5
Let z(k) = k**3 - 5*k**2 + 5*k + 8. Let u be z(6). Suppose 0 = -y + 56 + u. What is the units digit of y?
0
Let s = -11 - -13. Suppose 0 = s*f - 4*f + 134. Suppose -295 = -5*l + 3*y, 3*y = -l + f - 26. What is the tens digit of l?
5
Let y be 54*(7/(-2))/(-7). Let h = y + -22. Suppose h = 2*d - 1. What is the units digit of d?
3
Let k be (-2526)/8 + (6/(-24) - -1). Let j = -134 - k. What is the tens digit of j?
8
Let i = 4304 + -2278. What is the tens digit of i?
2
What is the units digit of (-1 + 3 + 2)/(34/2261)?
6
Suppose 3*t + 2*k - 109 = 0, -66 = 2*t - 4*t + 2*k. Suppose -r + 3*f + t = 2*f, 0 = -5*f - 10. What is the tens digit of r?
3
Let g(f) = 13*f - 2*f**2 + 0*f**2 + f**2 - 9. Let s be (17 - 1)/2 + 1. What is the units digit of g(s)?
7
Suppose 4*k - 4 = -4*n, -4*k - 2*n + 9 = -3*n. Let z = 23 + -19. Suppose c - 2*r - 45 = 0, -z*r = -k*c - 5*r + 75. What is the units digit of c?
9
Let h = 69 - 69. Suppose 0 = 4*q - h - 8. What is the units digit of q?
2
Let d = -690 + 2796. What is the thousands digit of d?
2
Let s = -20 + 20. Let b = s + 0. Let d = b - -10. What is the units digit of d?
0
Suppose 0 = -m + 3*m + 2*m. What is the units digit of (-2)/(-3) - (74/(-6) - m)?
3
Let m(s) = -21*s**2 + 10*s**2 - 5*s + 12*s**2 - 5 + 3. What is the tens digit of m(-3)?
2
Let g = 4351 - 3003. What is the tens digit of g?
4
Let v(l) = -2*l + 195. What is the hundreds digit of v(39)?
1
Suppose 70*i - 4320 = 55*i. What is the units digit of i?
8
Suppose 0 = -m - 5*r, 0 = -5*r - 9 - 6. What is the tens digit of (-18)/m*690/(-12)?
6
Let s = 983 - 256. What is the hundreds digit of s?
7
Let h(i) = -7*i + 29. Let k be h(6). Let b = 149 - k. What is the units digit of b?
2
Suppose 0 = -5*p + 10*p + 275. Let a = p - -81. Let q = a + -18. What is the units digit of q?
8
Let f(p) = p + 2. Let v be f(0). Let j be v + 0 - (-128)/(-4). What is the tens digit of (j/8)/(3/(-12))?
1
Let p(z) = z - 29. Let t be p(-13). What is the tens digit of t/((24/14)/(-6))?
4
Let s(o) = -o + 3. Let n be s(-5). Let y = 16 - n. Suppose -y*f + 80 = -3*f. What is the tens digit of f?
1
Suppose 7*i - 11*i + 158 = -5*w, 0 = 2*w - i + 65. Let g(u) = -2*u**2 - 72*u + 30. What is the hundreds digit of g(w)?
1
Let u(w) = w**3 + 6*w**2 - 9*w. Let x(v) = -2*v**2 - 5*v - 4. Let n be x(-3). Let o be u(n). Suppose -o = -5*r + 31. What is the units digit of r?
9
What is the hundreds digit of 2392 + (-157 + 1)/(-13)?
4
Let g(u) = 3*u**3 - 24*u**2 + 74*u - 26. What is the tens digit of g(12)?
9
Let k = 514 + -244. What is the hundreds digit of k?
2
Suppose -5*m = 4*s - 0*m - 6984, 0 = -s - 2*m + 1749. What is the tens digit of s?
4
Let m be 1 - ((5 - 2) + -7). What is the tens digit of ((-2)/(4/(-454)))/(5/m)?
2
Suppose 0 = 2*r + 3*m + 4 + 1, -3*r = -2*m - 25. Let o be ((-12)/(-15))/(2/r). Suppose 2 = o*g - 2. What is the units digit of g?
2
Suppose -2*c = -2*q + 58, -15 = -2*c - 4*q - 91. Let m = c - -79. What is the tens digit of m?
4
Let s = 21 + -15. Let p = s + -2. What is the units digit of p?
4
Let g be (-4)/1 + 1 + 392. Suppose -4*z - 9 = -g. What is the units digit of z?
5
Let k be (-1 + -56)/(-1)*(-6)/(-9). Suppose -i = i - 3*o - k, 3*i - 62 = 2*o. What is the tens digit of i?
2
Suppose 5*q + 3 = 2*q, 2*x = -q + 521. What is the tens digit of x?
6
Let v(p) = p**3 + 10*p**2 - 36*p + 12. Let f be v(-13). Let o = f + 123. What is the units digit of o?
6
Let s(f) = 5*f**2 - f + 103. What is the tens digit of s(-10)?
1
Let r(u) = 345*u**3 - u**2 + u. Let o be r(1). Suppose 0 = 29*c - 24*c - o. What is the tens digit of c?
6
Let u = 1393 + -873. What is the units digit of u?
0
Let z = -566 - -1339. What is the units digit of z?
3
Let m(p) = -p**3 - 15*p**2 + 17*p + 35. What is the thousands digit of m(-19)?
1
Let f be (9/((-27)/30))/1. What is the units digit of 18/(-30) - 1136/f?
3
Suppose 0 = 9*d + 707 - 2273. Let m = 327 - d. What is the hundreds digit of m?
1
Let u be 143 - 1 - 4/(-4). Let p = 8 + -5. Suppose -5*o + u - p = 0. What is the tens digit of o?
2
Let p be (-15)/(-30) + (-3)/(-2). Let y be 4/12 + 10/6. Suppose p*z - 38 = -0*a + y*a, -a - 5 = 0. What is the tens digit of z?
1
Let a = 12 - 0. Suppose 2*m = 12*m - 160. Suppose -m*f = -a*f - 112. What is the units digit of f?
8
Suppose -18*m = -7 - 29. Let a be 56 + (-1 - 0) + 2. Suppose m*b + 17 = a. What is the units digit of b?
0
Suppose 0 = 6*h - 9*h + 9. Suppose -50 = -2*k + 2*l, k - h*l = 2*l + 45. What is the units digit of k?
0
Suppose -5*r = 3*t - 14499, t + 4*r = 4*t - 14526. What is the hundreds digit of t?
8
Let u be (6 + -12)*(-2)/6. Let p be (54/(-6))/(3/u). What is the tens digit of p*((-152)/12)/2?
3
Suppose w = 4*q + 72, 5*w - 5*q - 399 = 21. Let x = w + -46. What is the tens digit of x?
4
Let y = -19 + 21. Suppose -5*x = y*w - 91, -w + 0*w + 78 = -4*x. What is the tens digit of w?
5
Suppose -3*w - 5*j = -3460, 1486 = 2*w + j - 816. What is the hundreds digit of w?
1
Let c be 1/3 + (-1496)/(-66). Suppose -169 = -4*y + c. What is the tens digit of y?
4
Let f(p) = p**2 - 8*p - 38. Let x be f(12). What is the units digit of 685/x - 3/6?
8
Let x(k) be the third derivative of k**2 + 0 - 1/2*k**4 + 1/4*k**5 - 2*k**3 - 1/120*k**6 + 0*k. What is the tens digit of x(14)?
1
Suppose -3*a + 9731 + 5449 = 0. What is the thousands digit of a?
5
Suppose 4*r + 227 = -269. Let n be (-2)/5 - r/10. Let c = 9 + n. What is the units digit of c?
1
Suppose d + 5*p + 0 - 5 = 0, 5*p = -4*d + 20. What is the tens digit of (-708)/(-15) - d/25?
4
What is the hundreds digit of 20428/6 + (-61)/(-183)?
4
Let i(c) = 3*c**2 - 37*c + 129. What is the thousands digit of i(29)?
1
Let b(t) = 5*t**3 - 3*t**2 - 4*t + 44. What is the hundreds digit of b(7)?
5
Let o(v) = 12*v**2 - 29*v + 87. What is the hundreds digit of o(3)?
1
Suppose -588 = -4*i + i. Suppose -90*f + 997 = -19163. Suppose -6*w + f = -i. What is the units digit of w?
0
Suppose -b + 3 = m - 3*b, 3*m = -3*b - 9. Let l(p) = -4*p - 1. Let v be l(m). What is the units digit of 2/v + 1144/39?
0
Let p(m) = m + 15. What is the tens digit of p(8)?
2
Suppose 0 = -2*x + 3*p - 22, 0*x - 5*p = -5*x - 45. Let s(a) = -a**3 - 5*a**2 - 2*a - 7. What is the units digit of s(x)?
3
Let c(o) = 157*o - 21. What is the tens digit of c(9)?
9
Suppose 2*m - 60 = 4*z, 4*m - 90 = -0*z - 2*z. Suppose 0*d - d + m = 0. Suppose -3*c - d = -8*c + 2*t, -8 = 4*t. What is the units digit of c?
4
Let w(d) = -d**3 + d**2 + 12*d + 1237. What is the tens digit of w(0)?
3
Let y be ((-3)/5)/3 - (-6228)/15. Suppose -y = 10*s - 15*s. What is the tens digit of s?
8
Suppose d - 4*t - 2 = -3, 0 = -2*d + 5*t + 13. Let r = 23 - d. Suppose 5*l - 264 = r*z, -3*l - 2*z + 154 = -0*l. What is the tens digit of l?
5
Suppose 3186 = -145*t + 147*t. What is the units digit of t?
3
Let i be (-48)/408 - 106/(-34). Suppose -i*v = 5*m - 173, 2*m = v + 2*